{"id":3939,"date":"2020-05-14T12:12:12","date_gmt":"2020-05-14T12:12:12","guid":{"rendered":"https:\/\/blogdobrito.com.br\/loja\/?post_type=product&#038;p=3939"},"modified":"2021-04-06T13:56:36","modified_gmt":"2021-04-06T13:56:36","slug":"faca-sua-caricatura-4","status":"publish","type":"product","link":"https:\/\/blogdobrito.com\/loja\/produto\/faca-sua-caricatura-4\/","title":{"rendered":"Sua caricatura vetorial"},"content":{"rendered":"","protected":false},"excerpt":{"rendered":"<p><span style=\"color: #ff6600;\"><span style=\"color: #000000;\"><strong>Fa\u00e7a sua caricatura<\/strong> <\/span>colorida vetorial. Mande foto(s) com boa resolu\u00e7\u00e3o para o e-mail <span style=\"color: #000000;\">blogdobrito@gmail.com<\/span> ou pelo\u00a0<\/span><span style=\"color: #000000;\">WhatsApp 55 84 9982-4413<\/span><span style=\"color: #ff6600;\">.\u00a0Tr\u00eas dias \u00fateis, ap\u00f3s a identifica\u00e7\u00e3o do pagamento, o arquivo em JPEG, estar\u00e1 dispon\u00edvel para download em alta resolu\u00e7\u00e3o.<\/span><span style=\"color: #000000;\"> A caricatura postada \u00e9 ilustrativa de um cliente anterior.\u00a0<\/span><\/p>\n","protected":false},"featured_media":3940,"comment_status":"open","ping_status":"closed","template":"","meta":[],"_links":{"self":[{"href":"https:\/\/blogdobrito.com\/loja\/wp-json\/wp\/v2\/product\/3939"}],"collection":[{"href":"https:\/\/blogdobrito.com\/loja\/wp-json\/wp\/v2\/product"}],"about":[{"href":"https:\/\/blogdobrito.com\/loja\/wp-json\/wp\/v2\/types\/product"}],"replies":[{"embeddable":true,"href":"https:\/\/blogdobrito.com\/loja\/wp-json\/wp\/v2\/comments?post=3939"}],"wp:featuredmedia":[{"embeddable":true,"href":"https:\/\/blogdobrito.com\/loja\/wp-json\/wp\/v2\/media\/3940"}],"wp:attachment":[{"href":"https:\/\/blogdobrito.com\/loja\/wp-json\/wp\/v2\/media?parent=3939"}],"curies":[{"name":"wp","href":"https:\/\/api.w.org\/{rel}","templated":true}]}}