{"id":1906,"date":"2020-03-24T16:20:34","date_gmt":"2020-03-24T16:20:34","guid":{"rendered":"https:\/\/blogdobrito.com.br\/loja\/?post_type=product&#038;p=1906"},"modified":"2021-04-06T14:04:09","modified_gmt":"2021-04-06T14:04:09","slug":"zeca-baleiro","status":"publish","type":"product","link":"https:\/\/blogdobrito.com\/loja\/produto\/zeca-baleiro\/","title":{"rendered":"Caricatura de Zeca Baleiro"},"content":{"rendered":"","protected":false},"excerpt":{"rendered":"<p>Caricatura vetorial colorida do cantor<span style=\"color: #000000;\">\u00a0Zeca Baleiro<\/span><span style=\"color: #ff9900;\"><span style=\"color: #000000;\">\u00a0<\/span><\/span>com fundo branco, desenhada pelo cartunista Brito e Silva. A partir do momento da identifica\u00e7\u00e3o do pagamento, o arquivo em JPEG, estar\u00e1 dispon\u00edvel para download em alta resolu\u00e7\u00e3o.<\/p>\n<p>&nbsp;<\/p>\n","protected":false},"featured_media":1908,"comment_status":"open","ping_status":"closed","template":"","meta":[],"_links":{"self":[{"href":"https:\/\/blogdobrito.com\/loja\/wp-json\/wp\/v2\/product\/1906"}],"collection":[{"href":"https:\/\/blogdobrito.com\/loja\/wp-json\/wp\/v2\/product"}],"about":[{"href":"https:\/\/blogdobrito.com\/loja\/wp-json\/wp\/v2\/types\/product"}],"replies":[{"embeddable":true,"href":"https:\/\/blogdobrito.com\/loja\/wp-json\/wp\/v2\/comments?post=1906"}],"wp:featuredmedia":[{"embeddable":true,"href":"https:\/\/blogdobrito.com\/loja\/wp-json\/wp\/v2\/media\/1908"}],"wp:attachment":[{"href":"https:\/\/blogdobrito.com\/loja\/wp-json\/wp\/v2\/media?parent=1906"}],"curies":[{"name":"wp","href":"https:\/\/api.w.org\/{rel}","templated":true}]}}