{"id":9,"date":"2020-02-10T16:44:09","date_gmt":"2020-02-10T16:44:09","guid":{"rendered":"https:\/\/blogdobrito.com.br\/loja\/minha-conta\/"},"modified":"2020-02-10T16:44:09","modified_gmt":"2020-02-10T16:44:09","slug":"minha-conta","status":"publish","type":"page","link":"https:\/\/blogdobrito.com\/loja\/minha-conta\/","title":{"rendered":"Minha conta"},"content":{"rendered":"<div class=\"woocommerce\"><div class=\"woocommerce-notices-wrapper\"><\/div>\r\n<div class=\"customer-login\">\r\n\r\n\t<div class=\"row\">\r\n\r\n\t\t<div class=\"col-lg-4 col-md-8 col-lg-offset-4 col-md-offset-2 col-sm-12 col-xs-12 col-login\">\r\n\t\t\t<div class=\"supro-tabs\">\r\n\t\t\t\t<ul class=\"tabs-nav\">\r\n\t\t\t\t\t<li class=\"active\"><a href=\"#\" class=\"active\">Login<\/a><\/li>\r\n\t\t\t\t\t\t\t\t\t\t\t<li><a href=\"#\">Registar<\/a><\/li>\r\n\t\t\t\t\t\t\t\t\t<\/ul>\r\n\t\t\t\t<div class=\"tabs-content\">\r\n\r\n\t\t\t\t\t<div class=\"tabs-panel active\">\r\n\r\n\t\t\t\t\t\t<form method=\"post\" class=\"woocommerce-form woocommerce-form-login login\" method=\"post\">\r\n\r\n\t\t\t\t\t\t\t\r\n\t\t\t\t\t\t\t<p class=\"woocommerce-form-row woocommerce-form-row--wide form-row form-row-wide\">\r\n\t\t\t\t\t\t\t\t<input type=\"text\" placeholder=\"Nome de usu\u00e1rio\" class=\"woocommerce-Input woocommerce-Input--text input-text\" name=\"username\" id=\"username\" value=\"\" \/>\r\n\t\t\t\t\t\t\t<\/p>\r\n\r\n\t\t\t\t\t\t\t<p class=\"woocommerce-form-row woocommerce-form-row--wide form-row form-row-wide form-row-password\">\r\n\t\t\t\t\t\t\t\t<input placeholder=\"Palavra-passe\" class=\"woocommerce-Input woocommerce-Input--text input-text\" type=\"password\" name=\"password\" id=\"password\" \/>\r\n\t\t\t\t\t\t\t\t<a class=\"lost-password\" href=\"https:\/\/blogdobrito.com\/loja\/minha-conta\/lost-password\/\">Esqueceu-se?<\/a>\r\n\t\t\t\t\t\t\t<\/p>\r\n\r\n\t\t\t\t\t\t\t\r\n\t\t\t\t\t\t\t<p class=\"form-row\">\r\n\t\t\t\t\t\t\t\t<label for=\"rememberme\" class=\"inline rememberme\">\r\n\t\t\t\t\t\t\t\t\t<input class=\"woocommerce-Input woocommerce-Input--checkbox\" name=\"rememberme\" type=\"checkbox\" id=\"rememberme\" value=\"forever\" \/><span class=\"label\"> Lembrar-me<\/span>\r\n\t\t\t\t\t\t\t\t<\/label>\r\n\t\t\t\t\t\t\t\t<input type=\"hidden\" id=\"woocommerce-login-nonce\" name=\"woocommerce-login-nonce\" value=\"89ee2c852c\" \/><input type=\"hidden\" name=\"_wp_http_referer\" value=\"\/loja\/wp-json\/wp\/v2\/pages\/9\" \/>\t\t\t\t\t\t\t\t<input type=\"submit\" class=\"woocommerce-Button button\" name=\"login\" value=\"Login\" \/>\r\n\r\n\t\t\t\t\t\t\t<\/p>\r\n\r\n\t\t\t\t\t\t\t\r\n\t\t\t\t\t\t<\/form>\r\n\t\t\t\t\t<\/div>\r\n\r\n\t\t\t\t\t\r\n\t\t\t\t\t\t<div class=\"tabs-panel\">\r\n\r\n\r\n\t\t\t\t\t\t\t<form method=\"post\" class=\"woocommerce-form woocommerce-form-register register\" >\r\n\r\n\t\t\t\t\t\t\t\t\r\n\t\t\t\t\t\t\t\t\r\n\t\t\t\t\t\t\t\t\t<p class=\"woocommerce-form-row woocommerce-form-row--wide form-row form-row-wide\">\r\n\t\t\t\t\t\t\t\t\t\t<input required type=\"text\" placeholder=\"Nome de usu\u00e1rio\" class=\"woocommerce-Input woocommerce-Input--text input-text\" name=\"username\" id=\"reg_username\" value=\"\" \/>\r\n\t\t\t\t\t\t\t\t\t<\/p>\r\n\r\n\t\t\t\t\t\t\t\t\r\n\t\t\t\t\t\t\t\t<p class=\"woocommerce-form-row woocommerce-form-row--wide form-row form-row-wide\">\r\n\t\t\t\t\t\t\t\t\t<input required type=\"email\" placeholder=\"Endere\u00e7o de e-mail\" class=\"woocommerce-Input woocommerce-Input--text input-text\" name=\"email\" id=\"reg_email\" value=\"\" \/>\r\n\t\t\t\t\t\t\t\t<\/p>\r\n\r\n\t\t\t\t\t\t\t\t\r\n\t\t\t\t\t\t\t\t\t<p class=\"woocommerce-form-row woocommerce-form-row--wide form-row form-row-wide\">\r\n\t\t\t\t\t\t\t\t\t\t<input required type=\"password\" placeholder=\"Palavra-passe\"\r\n\t\t\t\t\t\t\t\t\t\t\t   class=\"woocommerce-Input woocommerce-Input--text input-text\" name=\"password\" id=\"reg_password\" \/>\r\n\t\t\t\t\t\t\t\t\t<\/p>\r\n\r\n\t\t\t\t\t\t\t\t\r\n\t\t\t\t\t\t\t\t<!-- Spam Trap -->\r\n\t\t\t\t\t\t\t\t<div style=\"left: -999em; position: absolute;\">\r\n\t\t\t\t\t\t\t\t\t<label for=\"trap\">Anti-spam<\/label><input type=\"text\" name=\"email_2\" id=\"trap\" tabindex=\"-1\" autocomplete=\"off\" \/>\r\n\t\t\t\t\t\t\t\t<\/div>\r\n\r\n\t\t\t\t\t\t\t\t<div class=\"woocommerce-privacy-policy-text\"><p>Os seus dados pessoais ser\u00e3o utilizados para melhorar a sua experi\u00eancia por toda a loja, para gerir o acesso \u00e0 sua conta e para os prop\u00f3sitos descritos na nossa <a href=\"https:\/\/blogdobrito.com\/loja\/privacy-policy-2\/\" class=\"woocommerce-privacy-policy-link\" target=\"_blank\">pol\u00edtica de privacidade<\/a>.<\/p>\n<\/div>\t\t\t\t\t\t\t\t\r\n\t\t\t\t\t\t\t\t<p class=\"woocomerce-FormRow form-row\">\r\n\t\t\t\t\t\t\t\t\t<input type=\"hidden\" id=\"woocommerce-register-nonce\" name=\"woocommerce-register-nonce\" value=\"6903d34437\" \/><input type=\"hidden\" name=\"_wp_http_referer\" value=\"\/loja\/wp-json\/wp\/v2\/pages\/9\" \/>\t\t\t\t\t\t\t\t\t<input type=\"submit\" class=\"woocommerce-Button button\" name=\"register\" value=\"Registar\" \/>\r\n\t\t\t\t\t\t\t\t<\/p>\r\n\r\n\t\t\t\t\t\t\t\t\r\n\t\t\t\t\t\t\t<\/form>\r\n\r\n\t\t\t\t\t\t<\/div>\r\n\r\n\t\t\t\t\t\t\t\t\t<\/div>\r\n\t\t\t<\/div>\r\n\t\t<\/div>\r\n\t<\/div>\r\n<\/div>\r\n<\/div>\n","protected":false},"excerpt":{"rendered":"Login Registar Esqueceu-se? Lembrar-me Anti-spam Os seus dados pessoais ser\u00e3o utilizados para melhorar a sua experi\u00eancia por toda a loja, para gerir o acesso \u00e0 sua conta e para os prop\u00f3sitos descritos na nossa pol\u00edtica de privacidade.","protected":false},"author":1,"featured_media":0,"parent":0,"menu_order":0,"comment_status":"closed","ping_status":"closed","template":"","meta":[],"_links":{"self":[{"href":"https:\/\/blogdobrito.com\/loja\/wp-json\/wp\/v2\/pages\/9"}],"collection":[{"href":"https:\/\/blogdobrito.com\/loja\/wp-json\/wp\/v2\/pages"}],"about":[{"href":"https:\/\/blogdobrito.com\/loja\/wp-json\/wp\/v2\/types\/page"}],"author":[{"embeddable":true,"href":"https:\/\/blogdobrito.com\/loja\/wp-json\/wp\/v2\/users\/1"}],"replies":[{"embeddable":true,"href":"https:\/\/blogdobrito.com\/loja\/wp-json\/wp\/v2\/comments?post=9"}],"version-history":[{"count":0,"href":"https:\/\/blogdobrito.com\/loja\/wp-json\/wp\/v2\/pages\/9\/revisions"}],"wp:attachment":[{"href":"https:\/\/blogdobrito.com\/loja\/wp-json\/wp\/v2\/media?parent=9"}],"curies":[{"name":"wp","href":"https:\/\/api.w.org\/{rel}","templated":true}]}}